{"id":11564,"date":"2019-09-03T14:11:43","date_gmt":"2019-09-03T12:11:43","guid":{"rendered":"http:\/\/swietodrzewa.pl\/?page_id=11564"},"modified":"2021-08-30T13:22:04","modified_gmt":"2021-08-30T11:22:04","slug":"drzewo-roku-2019","status":"publish","type":"page","link":"https:\/\/archiwum.swietodrzewa.pl\/?page_id=11564","title":{"rendered":"Drzewo Roku 2019"},"content":{"rendered":"<h1 class=\"entry-title\">Bez czarny z Rzeszowa Drzewem Roku 2019!<\/h1>\n<div class=\"entry-content\">\n<p><strong>W tegorocznej 9. edycji konkursu Drzewo Roku Klubu Gaja zwyci\u0119\u017cy\u0142 ponad 200- letni bez czarny w Rzeszowie, zg\u0142oszony przez mieszkank\u0119 osiedla! Ro\u015blina <\/strong><strong>ma posta\u0107 drzewiast\u0105, co jest niezwykle rzadko spotykan\u0105 form\u0105 tego gatunku. R<\/strong><strong>o\u015bnie na skwerze mi\u0119dzy blokami w samym sercu miasta. <\/strong><strong>Najstarsi mieszka\u0144cy pami\u0119taj\u0105, \u017ce ono zawsze tu ros\u0142o i nie wyobra\u017caj\u0105 sobie \u017cycia bez niego.&nbsp;<\/strong><strong>W 2020 roku ten pi\u0119kny, kochany przez Rzeszowian bez b\u0119dzie reprezentowa\u0142 Polsk\u0119 w mi\u0119dzynarodowym plebiscycie Europejskie Drzewo Roku !<\/strong><span id=\"more-11467\"><\/span><\/p>\n<p>Rywalizacja w odbywaj\u0105cym si\u0119 przez ca\u0142y czerwiec konkursie Drzewo Roku&nbsp; trwa\u0142a do ostatniej chwili. Ostatecznie pierwsze miejsce zaj\u0105\u0142 bez czarny z Rzeszowa uzyskuj\u0105c&nbsp; 2315 g\u0142os\u00f3w internaut\u00f3w. Drugie miejsce zaj\u0119\u0142a Lipa Anna w Kliniskach Wielkich&nbsp;w gminie Goleni\u00f3w w woj. zachodniopomorskim z 1905 g\u0142osami<strong>. <\/strong>Trzeci na podium stan\u0105\u0142&nbsp; D\u0105b Wolno\u015bci w G\u0142ownie&nbsp;w woj. \u0142\u00f3dzkim, zdobywaj\u0105c 1400 g\u0142os\u00f3w internaut\u00f3w.<\/p>\n<p><strong>Jacek Bo\u017cek<\/strong>, prezes Klubu Gaja, komentuje &nbsp;\u2013 \u201eNiezwyk\u0142\u0105 warto\u015bci\u0105 tegorocznego zwyci\u0119zcy jest to, \u017ce krzew, kt\u00f3ry przyj\u0105\u0142 form\u0119 drzewa, zosta\u0142 zg\u0142oszony nie przez instytucj\u0119, a osob\u0119 prywatn\u0105. To dobry znak na przysz\u0142o\u015b\u0107. \u015awiadomi znaczenia przyrody i drzew obywatele stanowi\u0105 t\u0105 grup\u0119, kt\u00f3ra mo\u017ce wspomaga\u0107 ochron\u0119 drzew i krajobrazu naszych miast i teren\u00f3w wiejskich. Gratulacje!\u201d.<\/p>\n<p>Statuetka Drzewo Roku 2019 trafi do mieszkanki Rzeszowa Pani Haliny Sikory, kt\u00f3ra zg\u0142osi\u0142a drzewo do konkursu, a tak\u017ce do w\u0142odarzy Miasta Rzeszowa, na kt\u00f3rego terenie ro\u015bnie bez czarny. Wszyscy finali\u015bci konkursu otrzymaj\u0105 pami\u0105tkowe dyplomy. Wr\u0119czenie nagr\u00f3d odb\u0119dzie si\u0119 10 pa\u017adziernika 2019 roku w Warszawie podczas inauguracji 17. edycji programu \u015awi\u0119to Drzewa Klubu Gaja.<\/p>\n<p>\u201eWiadomo\u015b\u0107 o zwyci\u0119stwie drzewa bzu czarnego sprawi\u0142a mi ogromn\u0105 rado\u015b\u0107&nbsp; i wycisn\u0119\u0142a \u0142zy szcz\u0119\u015bcia. Wszystkie drzewa w konkursie s\u0105 pi\u0119kne i wyj\u0105tkowe, ale wygrywa to&nbsp; kt\u00f3re zbierze wok\u00f3\u0142 siebie najwi\u0119cej ludzi. Uda\u0142o si\u0119 to skromnemu drzewku bzu czarnego. kt\u00f3re jest jednak wyj\u0105tkowe i niezwyk\u0142e bo niespotykane w takiej formie i rozmiarze. Jego wyj\u0105tkowo\u015b\u0107 zauwa\u017cy\u0142 poeta, kt\u00f3ry napisa\u0142: <em>Cho\u0107 jestem tylko drzewem na kt\u00f3rym bia\u0142y kwiat \u015bwieci, jestem te\u017c pomnikiem, \u015bwiadectwem stuleci, \u015bwi\u0119t\u0105 magi\u0105 S\u0142owian i wiar\u0105 w powodzenie.<\/em> Bardzo dzi\u0119kuj\u0119 wszystkim osobom&nbsp; kt\u00f3re odda\u0142y g\u0142os na&nbsp; bez czarny. Bardzo dzi\u0119kuj\u0119 moim&nbsp; przyjacio\u0142om, znajomym, rodzinie, wszystkim innym&nbsp; osobom, mediom, szczeg\u00f3lnie Radiu Rzesz\u00f3w, za wsparcie i ogromne&nbsp;&nbsp; zaanga\u017cowanie w rozpowszechnianiu informacji o konkursie i w&nbsp; zbieraniu g\u0142os\u00f3w. Dla tych wszystkich os\u00f3b za&nbsp; zwyci\u0119stwo&nbsp; w Konkursie na Drzewo 2019 Roku drzewo bzu czarnego w podzi\u0119kowaniu zaszumi o zmroku\u201d \u2013 m\u00f3wi <strong>Halina Sikora,<\/strong> kt\u00f3ra zg\u0142osi\u0142a drzewo do konkursu<\/p>\n<p>9.ju\u017c edycja konkursu Drzewo Roku Klubu Gaja zgromadzi\u0142a blisko 50 zg\u0142osze\u0144 drzew z ca\u0142ej Polski. Na 16. fina\u0142owych drzew podczas g\u0142osowania internauci oddali ponad 13 tysi\u0119cy wa\u017cnych g\u0142os\u00f3w. Na stronie plebiscytu odnotowano ponad 90 tysi\u0119cy ods\u0142on.<\/p>\n<p><em>\u201e<\/em>K<em>onkurs Drzewo Roku co roku pokazuje nam, \u017ce Polacy kochaj\u0105 drzewa, otaczaj\u0105 je opiek\u0105, piel\u0119gnuj\u0105 tradycje i historie z nimi zwi\u0105zane. <\/em>Gratuluj\u0119 zwyci\u0119zcom wsp\u00f3lnoty, kt\u00f3ra zawi\u0105za\u0142a si\u0119 wok\u00f3\u0142 tego drzewo, kt\u00f3re do tej pory nie by\u0142o szerzej znane nawet w samym Rzeszowie, a dzi\u0119ki konkursowi&nbsp; zgromadzi\u0142o wok\u00f3\u0142 siebie tylu mi\u0142o\u015bnik\u00f3w drzew. To wspania\u0142y przyk\u0142ad postawy szacunku i dba\u0142o\u015bci o otaczaj\u0105c\u0105 nas przyrod\u0119 \u201d <em>\u2013&nbsp;<\/em>m\u00f3wi&nbsp;<strong>Jolanta Migda\u0142<\/strong>, koordynatorka konkursu Drzewo Roku<\/p>\n<p><em><a href=\"http:\/\/swietodrzewa.pl\/wp-content\/uploads\/2019\/02\/bez-2.jpg\"><img loading=\"lazy\" class=\"alignleft size-medium wp-image-11208\" src=\"http:\/\/swietodrzewa.pl\/wp-content\/uploads\/2019\/02\/bez-2-225x300.jpg\" sizes=\"(max-width: 225px) 100vw, 225px\" srcset=\"http:\/\/swietodrzewa.pl\/wp-content\/uploads\/2019\/02\/bez-2-225x300.jpg 225w, http:\/\/swietodrzewa.pl\/wp-content\/uploads\/2019\/02\/bez-2.jpg 767w\" alt=\"\" width=\"225\" height=\"300\"\/><\/a>&nbsp;<\/em><strong>Zdobywca tytu\u0142u Drzewa Roku 2019 \u2013 Bez czarny&nbsp; w Rzeszowie<\/strong>&nbsp;(woj. podkarpackie)&nbsp;\u2013 bez czarny, wiek ponad 200 lat, wysoko\u015b\u0107 ok. 6 m, obw\u00f3d 125 cm.&nbsp;Zg\u0142oszony&nbsp;przez Halin\u0119 Sikor\u0119 z Rzeszowa.<\/p>\n<p>Drzewo bzu czarnego ro\u015bnie otoczone ni\u017cszymi krzewami i drzewami na skwerze mi\u0119dzy blokami w samy sercu miasta. Najstarsi mieszka\u0144cy pami\u0119taj\u0105, \u017ce ono zawsze tu ros\u0142o. Ma posta\u0107 drzewiast\u0105, co jest niezwykle rzadko spotykan\u0105 form\u0105 tej ro\u015bliny. Pospolicie bez czarny wyst\u0119puje w formie krzewiastej. Drzewo prawdopodobnie jest pozosta\u0142o\u015bci\u0105 po by\u0142ych ogrodach zamku Lubomirskich. R\u00f3wnie\u017c dzisiaj drzewo nadaje temu miejscu wyj\u0105tkowy charakter. Wiele os\u00f3b nie wyobra\u017ca sobie, \u017ce tego drzewa mog\u0142oby nie by\u0107. Przetrwa\u0142o ono wiele w swoim \u017cyciu \u2013 powstania narodowe, dwie wojny, okupacj\u0119, przemiany spo\u0142eczne i gospodarcze. W ostatnich latach drzewo&nbsp; przetrwa\u0142o roboty budowlane prowadzone w jego pobli\u017cu. Mieszka\u0144cy zachwycaj\u0105 si\u0119 niezwyk\u0142\u0105 urod\u0105 bzu, szczeg\u00f3lnie w okresie kwitnienia i owocowania. Kiedy kwitnie ca\u0142a korona pokryta jest bia\u0142ymi kwiatami \u2013 wygl\u0105da jak gigantyczny bukiet bia\u0142ych kwiat\u00f3w. W okresie owocowania pokryte jest mas\u0105 ki\u015bci czarnych jag\u00f3d, kt\u00f3re w jesieni dla ptak\u00f3w stanowi\u0105 bogat\u0105 sto\u0142\u00f3wk\u0119.<\/p>\n<p><strong><a href=\"http:\/\/swietodrzewa.pl\/wp-content\/uploads\/2019\/02\/Lipa-Anna-fot.-Aleksandra-Poleszczuk.jpg\"><img loading=\"lazy\" class=\"alignleft size-medium wp-image-11219\" src=\"http:\/\/swietodrzewa.pl\/wp-content\/uploads\/2019\/02\/Lipa-Anna-fot.-Aleksandra-Poleszczuk-224x300.jpg\" sizes=\"(max-width: 224px) 100vw, 224px\" srcset=\"http:\/\/swietodrzewa.pl\/wp-content\/uploads\/2019\/02\/Lipa-Anna-fot.-Aleksandra-Poleszczuk-224x300.jpg 224w, http:\/\/swietodrzewa.pl\/wp-content\/uploads\/2019\/02\/Lipa-Anna-fot.-Aleksandra-Poleszczuk.jpg 766w\" alt=\"\" width=\"224\" height=\"300\"\/><\/a>2. miejsce \u2013 Lipa Anna w Kliniskach Wielkich<\/strong>(gmina Goleni\u00f3w, woj. zachodniopomorskie) \u2013 lipa drobnolistna, wiek ok. 450-600 lat, wysoko\u015b\u0107 ok. 27 m, obw\u00f3d ok. 871 cm, pomnik przyrody. Zg\u0142oszona przez Szko\u0142\u0119 Podstawow\u0105 im. Prof. Wies\u0142awa Grochowskiego w Kliniskach Wielkich i Nadle\u015bnictwo Kliniska.<\/p>\n<p>Swoj\u0105 nazw\u0119 lipa zawdzi\u0119cza Annie Jagiellonce \u2013 \u017conie w\u0142adcy Pomorza Zachodniego Bogus\u0142awa X wielkiego. Legenda g\u0142osi, \u017ce podczas przyjazdu poselstwa polskiego do szczeci\u0144skiego zamku, Bogus\u0142aw przebywa\u0142 na polowaniu w pobliskiej Puszczy Goleniowskiej. Dzisiaj \u201eAnna\u201d stanowi niezwykle cenny okaz dendrologiczny. Jest popularnym miejscem wycieczek mi\u0142o\u015bnik\u00f3w drzew i przyrodnik\u00f3w. Odbywaj\u0105 si\u0119 tu zaj\u0119cia edukacyjne&nbsp; prowadzone przez O\u015brodek Edukacji Przyrodniczo-Le\u015bnej przy Nadle\u015bnictwie Kliniska.<\/p>\n<p><strong>3. miejsce \u2013 D\u0105b Wolno\u015bci w G\u0142ownie<\/strong> (gmina G\u0142owno, woj. \u0142\u00f3dzkie) \u2013 d\u0105b szypu\u0142kowy, wiek ok. 115 lat, wysoko\u015b\u0107 ok. 13 m, pomnik przyrody. Zg\u0142oszony przez Szko\u0142\u0119 Podstawow\u0105 nr 3 im. Tadeusza Ko\u015bciuszki w G\u0142ownie.<\/p>\n<p><a href=\"http:\/\/swietodrzewa.pl\/wp-content\/uploads\/2019\/07\/15.jpg\"><img loading=\"lazy\" class=\"alignleft size-medium wp-image-11468\" src=\"http:\/\/swietodrzewa.pl\/wp-content\/uploads\/2019\/07\/15-300x201.jpg\" sizes=\"(max-width: 300px) 100vw, 300px\" srcset=\"http:\/\/swietodrzewa.pl\/wp-content\/uploads\/2019\/07\/15-300x201.jpg 300w, http:\/\/swietodrzewa.pl\/wp-content\/uploads\/2019\/07\/15-768x514.jpg 768w, http:\/\/swietodrzewa.pl\/wp-content\/uploads\/2019\/07\/15-1024x686.jpg 1024w, http:\/\/swietodrzewa.pl\/wp-content\/uploads\/2019\/07\/15.jpg 1287w\" alt=\"\" width=\"300\" height=\"201\"\/><\/a>D\u0105b zosta\u0142 posadzony w 10. rocznice odzyskania przez Polsk\u0119 niepodleg\u0142o\u015bci jako symbol si\u0142y i d\u0142ugowieczno\u015bci. Drzewo posadzono w obecno\u015bci burmistrza, radnych, ksi\u0119dza proboszcza i rabina.&nbsp; Opiek\u0119 nad \u015bwie\u017co posadzonym d\u0119bem obj\u0105\u0142 w\u0142a\u015bciciel masarni, kt\u00f3ry uznaj\u0105c, \u017ce piel\u0119gnacja&nbsp; drzewa jest \u015bmiesznie prosta i wymaga jedynie codziennego podlewania. Niestety w okolicy Bo\u017cego Narodzenia okaza\u0142o si\u0119, \u017ce d\u0105b usech\u0142. Wkr\u00f3tce pod os\u0142on\u0105 nocy rze\u017anik zamieni\u0142 usch\u0142y d\u0105b na inny. Wszystko pozosta\u0142oby w wielkiej tajemnicy, gdyby nie s\u0105siad, kt\u00f3ry nie mog\u0105c spa\u0107 w nocy obserwowa\u0142 przez okno ca\u0142e zdarzenie. Po tygodniu tajemnic\u0119 t\u0119 znali ju\u017c wszyscy mieszka\u0144cy G\u0142owna, oczywi\u015bcie za wyj\u0105tkiem sprawcy ca\u0142ego zamieszania. Obecnie okolice d\u0119bu to miejsce spotka\u0144 mieszka\u0144c\u00f3w, a tak\u017ce wielu imprez miejskich.<\/p>\n<p><strong>Dok\u0142adna liczba g\u0142os\u00f3w zdobytych przez drzewa bior\u0105ce udzia\u0142 w g\u0142osowaniu:<\/strong><\/p>\n<ol>\n<li><strong>Bez czarny&nbsp; w Rzeszowie<\/strong>(woj. podkarpackie)&nbsp;\u2013 <strong>2315 g\u0142os\u00f3w<\/strong><\/li>\n<li><strong>D\u0105b Konrad&nbsp; w Leszczynach<\/strong>(gmina Czerwionka \u2013 Leszczyny, woj. \u015bl\u0105skie) \u2013 <strong>177 g\u0142os\u00f3w<\/strong><\/li>\n<li><strong>D\u0105b Jagiellon w Rzepniku<\/strong>( gmina Wojasz\u00f3wka, woj. podkarpackie) <strong>\u2013 796 g\u0142os\u00f3w<\/strong><\/li>\n<li><strong>D\u0105b Maciej w Adamowie-Wsi&nbsp;<\/strong>(gmina Radziejowice, woj. mazowieckie) <strong>\u2013 257 g\u0142os\u00f3w<\/strong><\/li>\n<li><strong>D\u0105b Nestor we Wroc\u0142awiu<\/strong>(woj. dolno\u015bl\u0105skie) \u2013 <strong>1147 g\u0142os\u00f3w<\/strong><\/li>\n<li><strong>D\u0105b-kapliczka Pustelnik w Be\u0142winie<\/strong>(gmina Przemy\u015bl, woj. podkarpackie) \u2013 <strong>378 g\u0142os\u00f3w<\/strong><\/li>\n<li><strong>D\u0105b Wiele\u0144ski w Wieleniu<\/strong>(woj. wielkopolskie) <strong>\u2013 825 g\u0142os\u00f3w<\/strong><\/li>\n<li><strong>Grab Jankowicki w Jankowicach<\/strong>(gmina Ku\u017ania Raciborska, woj. \u015bl\u0105skie) <strong>\u2013 321 g\u0142os\u00f3w<\/strong><\/li>\n<li><strong>Grusza z Doliny Mi\u0142o\u015bci w Zatoni Dolnej<\/strong>(gmina Chojna, woj. zachodniopomorskie) <strong>\u2013 487<\/strong> g\u0142os\u00f3w<\/li>\n<li><strong>Krzywa Sosna Szubienica w Oszczeklinie<\/strong>(gmina Ko\u017aminek, woj. wielkopolskie) <strong>\u2013 1225 g\u0142os\u00f3w<\/strong><\/li>\n<li><strong>Lipa Anna w Kliniskach Wielkich<\/strong>(gmina Goleni\u00f3w, woj. zachodniopomorskie) <strong>\u2013 1905 g\u0142os\u00f3w<\/strong><\/li>\n<li><strong>\u015amia\u0142owicka morwa<\/strong>(\u015amia\u0142owice, gmina Marcinowiec, woj. dolno\u015bl\u0105skie) <strong>\u2013 233 g\u0142osy<\/strong><\/li>\n<li><strong>Nasze Drzewo w Lubomierzu<\/strong>(gmina Lubomierz, woj. dolno\u015bl\u0105skie) <strong>\u2013 252 g\u0142osy<\/strong><\/li>\n<li><strong>Sosna w Celestynach<\/strong>( gmina Malan\u00f3w, woj. wielkopolskie) <strong>\u2013 321 g\u0142os\u00f3w<\/strong><\/li>\n<li><strong>D\u0105b Wolno\u015bci w G\u0142ownie<\/strong>(gmina G\u0142owno, woj. \u0142\u00f3dzkie) <strong>\u2013 1400 g\u0142os\u00f3w<\/strong><\/li>\n<li><strong>Matczyna Lipa w Jelczu-Laskowicach<\/strong>( gmina Jelcz-Laskowice, woj. dolno\u015bl\u0105skie) <strong>\u2013 1004 g\u0142osy<\/strong><\/li>\n<\/ol>\n<p><strong>Zobacz zdj\u0119cia i przeczytaj historie wszystkich drzew bior\u0105cych udzia\u0142 w g\u0142osowaniu na&nbsp;<\/strong><strong><a href=\"http:\/\/drzeworoku.pl\/\">drzeworoku.pl<\/a><\/strong><\/p>\n<p>Og\u00f3lnopolski konkurs Klubu Gaja&nbsp; \u2013 Drzewo Roku propaguje postawy ochrony przyrody i konieczno\u015b\u0107 ochrony jej obiekt\u00f3w, jakimi s\u0105 drzewa. Zwraca uwag\u0119 na ich rol\u0119 w naszym \u017cyciu, silne zwi\u0105zki pomi\u0119dzy kultur\u0105 i histori\u0105 danej spo\u0142eczno\u015bci, a drzewem, do kt\u00f3rego przywi\u0105zuje ona szczeg\u00f3lne znaczenie. Wy\u0142ania najwa\u017cniejsze i najbardziej kochane przez spo\u0142eczno\u015bci lokalne drzewa w naszym kraju. Ambasadorami konkursu s\u0105 podr\u00f3\u017cniczka i pisarka&nbsp;<strong>El\u017cbieta Dzikowska o<\/strong>raz j\u0119zykoznawca, popularyzator wiedzy o j\u0119zyku polskim profesor&nbsp;<strong>Jan Miodek<\/strong>.<\/p>\n<p>Drzewa daj\u0105 tlen, przeciwdzia\u0142aj\u0105 zmianom klimatu, s\u0105 wa\u017cne dla ochrony r\u00f3\u017cnorodno\u015bci biologicznej oraz \u017cycia miliard\u00f3w ludzi i zwierz\u0105t na Ziemi. Drzewa s\u0105 cz\u0119\u015bci\u0105 naszego dziedzictwa narodowego, dlatego powinni\u015bmy je chroni\u0107 dla przysz\u0142ych pokole\u0144. Je\u015bli nie jest Ci oboj\u0119tny los drzew, pom\u00f3\u017c nam je sadzi\u0107, chroni\u0107 i opiekowa\u0107 si\u0119 nimi.<\/p>\n<p>Przeka\u017c darowizn\u0119 Klubowi Gaja \u2013 nr konta:&nbsp;<strong>90 2030 0045 1110 0000 0067 3120<\/strong><br \/>\nMo\u017cesz te\u017c przekaza\u0107 1% Swojego podatku Klubowi Gaja \u2013<strong>&nbsp;KRS 0000120069<\/strong><\/p>\n<\/div>\n","protected":false},"excerpt":{"rendered":"<p>Bez czarny z Rzeszowa Drzewem Roku 2019! W tegorocznej 9. edycji konkursu Drzewo Roku Klubu Gaja zwyci\u0119\u017cy\u0142 ponad 200- letni bez czarny w Rzeszowie, zg\u0142oszony przez mieszkank\u0119 osiedla! Ro\u015blina ma posta\u0107 drzewiast\u0105, co jest niezwykle rzadko spotykan\u0105 form\u0105 tego gatunku. Ro\u015bnie na skwerze mi\u0119dzy blokami w samym sercu miasta. Najstarsi mieszka\u0144cy pami\u0119taj\u0105, \u017ce ono zawsze [&hellip;]<\/p>\n","protected":false},"author":3,"featured_media":0,"parent":1673,"menu_order":0,"comment_status":"closed","ping_status":"closed","template":"","meta":{"ngg_post_thumbnail":0},"_links":{"self":[{"href":"https:\/\/archiwum.swietodrzewa.pl\/index.php?rest_route=\/wp\/v2\/pages\/11564"}],"collection":[{"href":"https:\/\/archiwum.swietodrzewa.pl\/index.php?rest_route=\/wp\/v2\/pages"}],"about":[{"href":"https:\/\/archiwum.swietodrzewa.pl\/index.php?rest_route=\/wp\/v2\/types\/page"}],"author":[{"embeddable":true,"href":"https:\/\/archiwum.swietodrzewa.pl\/index.php?rest_route=\/wp\/v2\/users\/3"}],"replies":[{"embeddable":true,"href":"https:\/\/archiwum.swietodrzewa.pl\/index.php?rest_route=%2Fwp%2Fv2%2Fcomments&post=11564"}],"version-history":[{"count":1,"href":"https:\/\/archiwum.swietodrzewa.pl\/index.php?rest_route=\/wp\/v2\/pages\/11564\/revisions"}],"predecessor-version":[{"id":11565,"href":"https:\/\/archiwum.swietodrzewa.pl\/index.php?rest_route=\/wp\/v2\/pages\/11564\/revisions\/11565"}],"up":[{"embeddable":true,"href":"https:\/\/archiwum.swietodrzewa.pl\/index.php?rest_route=\/wp\/v2\/pages\/1673"}],"wp:attachment":[{"href":"https:\/\/archiwum.swietodrzewa.pl\/index.php?rest_route=%2Fwp%2Fv2%2Fmedia&parent=11564"}],"curies":[{"name":"wp","href":"https:\/\/api.w.org\/{rel}","templated":true}]}}