{"id":215,"date":"2011-12-16T17:26:49","date_gmt":"2011-12-16T16:26:49","guid":{"rendered":"http:\/\/swietodrzewa.pl\/?page_id=215"},"modified":"2021-08-30T13:23:57","modified_gmt":"2021-08-30T11:23:57","slug":"drzewo-roku","status":"publish","type":"page","link":"https:\/\/archiwum.swietodrzewa.pl\/?page_id=215","title":{"rendered":"Drzewo Roku 2012"},"content":{"rendered":"<h1>Platan Drzewem Roku 2012<\/h1>\n<div><abbr title=\"2012-07-03T11:09:05+0200\"><\/abbr><strong>Drzewem Roku 2012 zosta\u0142 platan z K\u00f3z&nbsp; (woj. \u015bl\u0105skie). W internetowym plebiscycie Klubu Gaja oddano na niego ponad 7 tys. g\u0142os\u00f3w. Tylko o 128 g\u0142os\u00f3w mniej zdoby\u0142a lipa w Wambierzycach (woj. dolno\u015bl\u0105skie). Na stronie ze zdj\u0119ciami i opisami 11 fina\u0142owych drzew, odnotowano blisko 106 tys. ods\u0142on.<\/strong><\/div>\n<div>\n<p><a href=\"http:\/\/swietodrzewa.pl\/wp-content\/uploads\/2012\/06\/kozy-platan.jpg\"><img loading=\"lazy\" class=\"aligncenter size-full wp-image-1549\" title=\"kozy-platan\" src=\"http:\/\/swietodrzewa.pl\/wp-content\/uploads\/2012\/06\/kozy-platan.jpg\" alt=\"\" width=\"1000\" height=\"665\" srcset=\"https:\/\/archiwum.swietodrzewa.pl\/wp-content\/uploads\/2012\/06\/kozy-platan.jpg 1000w, https:\/\/archiwum.swietodrzewa.pl\/wp-content\/uploads\/2012\/06\/kozy-platan-300x199.jpg 300w\" sizes=\"(max-width: 1000px) 100vw, 1000px\" \/><\/a><\/p>\n<p>Og\u00f3lnopolski konkurs Drzewo Roku, od dw\u00f3ch lat og\u0142aszany przez Klub Gaja, ma za zadanie promowanie postaw poszanowania dla przyrody w najbli\u017cszym otoczeniu oraz pokazywania silnych zwi\u0105zk\u00f3w pomi\u0119dzy kultur\u0105 i histori\u0105 lokalnej spo\u0142eczno\u015bci, a drzewem, do kt\u00f3rego przywi\u0105zuje ona szczeg\u00f3lne znaczenie. Kandydatury drzew zg\u0142aszaj\u0105 osoby indywidualne, plac\u00f3wki edukacyjne, urz\u0119dy administracji pa\u0144stwowej i samorz\u0105dowej, instytucje i organizacje spo\u0142eczne. <em>Drzewo chroni cz\u0142owieka, daje mu \u015bwie\u017ce powietrze, materia\u0142 do budowy, opa\u0142. Jest jeszcze co\u015b \u2013 drzewa s\u0105 pi\u0119kne i r\u00f3\u017cnorodne. S\u0105 inspiruj\u0105ce<\/em> \u2013 podkre\u015bla <strong>Jacek Bo\u017cek<\/strong>, prezes Klubu Gaja.<\/p>\n<p>Do tegorocznej, 2. edycji konkursu zg\u0142oszono 290 drzew (o 205 wi\u0119cej ni\u017c w ubieg\u0142orocznej 1. edycji konkursu). W sumie na 11 drzew wybranych do fina\u0142u oddano prawie 31 tys. wa\u017cnych g\u0142os\u00f3w (o 15&nbsp;270 wi\u0119cej ni\u017c w 1. edycji konkursu). Laureat \u2013 platan w Kozach \u2013 znajduje si\u0119 w zabytkowym parku w centrum miejscowo\u015bci, kt\u00f3rego pocz\u0105tki si\u0119gaj\u0105 po\u0142owy XVIII wieku. Wsp\u00f3\u0142czesny okaza\u0142y, roz\u0142o\u017cysty wygl\u0105d drzewa zosta\u0142 zaplanowany ju\u017c na pocz\u0105tku, poniewa\u017c do ziemi w\u0142o\u017cono kilka zro\u015bni\u0119tych ze sob\u0105 sadzonek. Kim by\u0142 \u00f3w przewiduj\u0105cy ogrodnik do dzi\u015b nie ustalono. W przesz\u0142o\u015bci platan mia\u0142 za\u015bwiadcza\u0107 o zamo\u017cno\u015bci i rozleg\u0142ych kontaktach w\u0142a\u015bciciela ziem, do kt\u00f3rych nale\u017ca\u0142 park, gdzie go zasadzono. Wsp\u00f3\u0142cze\u015bnie sta\u0142 si\u0119 przes\u0142aniem do ustanowienia Honorowego Wyr\u00f3\u017cnienia \u201ePlatana\u201d dla os\u00f3b, kt\u00f3re maj\u0105 szczeg\u00f3lny wp\u0142yw na rozw\u00f3j K\u00f3z.<\/p>\n<p>Dok\u0142adna liczba g\u0142os\u00f3w zdobyta przez poszczeg\u00f3lne drzewa:<\/p>\n<ul>\n<li>D\u0105b Bartek \u2013 4962 g\u0142os\u00f3w<\/li>\n<li>D\u0105b Kamedu\u0142a \u2013 1483<\/li>\n<li>Platan Olbrzym \u2013 1969<\/li>\n<li>Buk Drzewo Szcz\u0119\u015bcia- 703<\/li>\n<li>Wierzba Adam \u2013 631<\/li>\n<li>Platan Kozy \u2013 7044<\/li>\n<li>D\u0105b Aleksander \u2013 2635<\/li>\n<li>Wierzba \u2013 Legionowo \u2013 1193<\/li>\n<li>Lipa Okr\u0119t \u2013 2500<\/li>\n<li>D\u0105b Rozalia \u2013 654<\/li>\n<li>Lipa \u2013 Wambierzyce \u2013 6916<\/li>\n<\/ul>\n<p>&nbsp;<\/p>\n<p><em>Konkurs Drzewo Roku prowadzony jest w ramach Programu \u015awi\u0119to Drzewa dofinansowanego ze \u015brodk\u00f3w Narodowego Funduszu Ochrony \u015arodowiska i Gospodarki Wodnej oraz Wojew\u00f3dzkiego Funduszu Ochrony \u015arodowiska i Gospodarki Wodnej w Katowicach. Partnerem strategicznym programu \u015awi\u0119to Drzewa s\u0105 Lasy Pa\u0144stwowe.<\/em><\/p>\n<p>&nbsp;<\/p>\n<\/div>\n","protected":false},"excerpt":{"rendered":"<p>Platan Drzewem Roku 2012 Drzewem Roku 2012 zosta\u0142 platan z K\u00f3z&nbsp; (woj. \u015bl\u0105skie). W internetowym plebiscycie Klubu Gaja oddano na niego ponad 7 tys. g\u0142os\u00f3w. Tylko o 128 g\u0142os\u00f3w mniej zdoby\u0142a lipa w Wambierzycach (woj. dolno\u015bl\u0105skie). Na stronie ze zdj\u0119ciami i opisami 11 fina\u0142owych drzew, odnotowano blisko 106 tys. ods\u0142on. Og\u00f3lnopolski konkurs Drzewo Roku, od [&hellip;]<\/p>\n","protected":false},"author":1,"featured_media":0,"parent":1673,"menu_order":0,"comment_status":"closed","ping_status":"closed","template":"","meta":{"ngg_post_thumbnail":0},"_links":{"self":[{"href":"https:\/\/archiwum.swietodrzewa.pl\/index.php?rest_route=\/wp\/v2\/pages\/215"}],"collection":[{"href":"https:\/\/archiwum.swietodrzewa.pl\/index.php?rest_route=\/wp\/v2\/pages"}],"about":[{"href":"https:\/\/archiwum.swietodrzewa.pl\/index.php?rest_route=\/wp\/v2\/types\/page"}],"author":[{"embeddable":true,"href":"https:\/\/archiwum.swietodrzewa.pl\/index.php?rest_route=\/wp\/v2\/users\/1"}],"replies":[{"embeddable":true,"href":"https:\/\/archiwum.swietodrzewa.pl\/index.php?rest_route=%2Fwp%2Fv2%2Fcomments&post=215"}],"version-history":[{"count":55,"href":"https:\/\/archiwum.swietodrzewa.pl\/index.php?rest_route=\/wp\/v2\/pages\/215\/revisions"}],"predecessor-version":[{"id":13264,"href":"https:\/\/archiwum.swietodrzewa.pl\/index.php?rest_route=\/wp\/v2\/pages\/215\/revisions\/13264"}],"up":[{"embeddable":true,"href":"https:\/\/archiwum.swietodrzewa.pl\/index.php?rest_route=\/wp\/v2\/pages\/1673"}],"wp:attachment":[{"href":"https:\/\/archiwum.swietodrzewa.pl\/index.php?rest_route=%2Fwp%2Fv2%2Fmedia&parent=215"}],"curies":[{"name":"wp","href":"https:\/\/api.w.org\/{rel}","templated":true}]}}