{"id":285,"date":"2011-12-21T17:23:22","date_gmt":"2011-12-21T16:23:22","guid":{"rendered":"http:\/\/swietodrzewa.pl\/?page_id=285"},"modified":"2023-08-10T11:45:00","modified_gmt":"2023-08-10T09:45:00","slug":"rezultaty","status":"publish","type":"page","link":"https:\/\/archiwum.swietodrzewa.pl\/?page_id=285","title":{"rendered":"Rezultaty"},"content":{"rendered":"<h1>\u015awi\u0119to Drzewa &#8211; 20 lat pomys\u0142\u00f3w, rozwoju i nauki<\/h1>\n<p><strong>Od 2003 roku, kiedy to zainaugurowali\u015bmy program&nbsp; \u015awi\u0119to Drzewa, <\/strong><strong>dzi\u0119ki&nbsp; zaanga\u017cowaniu ponad 800 000 os\u00f3b posadzili\u015bmy ponad 1 000 000 drzew i krzew\u00f3w, zrobili\u015bmy blisko 1800 schronie\u0144\/budek l\u0119gowych dla zwierz\u0105t i zebrali\u015bmy ponad 5700 ton makulatury, odkryli\u015bmy ponad 180 niezwyk\u0142ych drzew wa\u017cnych dla spo\u0142eczno\u015bci lokalnych w konkursie Drzewo Roku.<\/strong><\/p>\n<p>\u015awi\u0119to Drzewa to aktywna edukacja spo\u0142eczna o zmianach klimatycznych w kontek\u015bcie ochrony drzew. Zach\u0119camy do sadzenia&nbsp;i ochrony drzew, szczeg\u00f3lnie na terenach zurbanizowanych gdzie ziele\u0144 musi rywalizowa\u0107 z infrastruktur\u0105, lecz obie strefy&nbsp;mo\u017cna po\u0142\u0105czy\u0107 bez szkody dla ludzi i \u015brodowiska. W ca\u0142ej Polsce &nbsp;\u015awi\u0119to Drzewa ma swoj\u0105 inauguracj\u0119 10 pa\u017adziernika.<\/p>\n<p>\u015awi\u0119to Drzewa cieszy, rozwija i uczy. Poprzez ca\u0142oroczne wyk\u0142ady i warsztaty &nbsp;w przedszkolach, szko\u0142ach i uczelniach, wystawy w miejscach publicznych oraz &nbsp;udzia\u0142 w du\u017cych wydarzeniach (Dzie\u0144 Ziemi i Piknik z klimatem w Warszawie) inspirujemy do poznawania warto\u015bci przyrodniczych, ekonomicznych i kulturowych zwi\u0105zanych z sadzeniem i ochron\u0105 drzew.<\/p>\n<p>&nbsp;<\/p>\n<p><img loading=\"lazy\" class=\"aligncenter size-full wp-image-859\" title=\"\u015awi\u0119to Drzewa w Warszawie\" src=\"http:\/\/swietodrzewa.pl\/wp-content\/uploads\/2012\/01\/SD-2007-warszawa-218.jpg\" alt=\"\" width=\"768\" height=\"1024\" srcset=\"https:\/\/archiwum.swietodrzewa.pl\/wp-content\/uploads\/2012\/01\/SD-2007-warszawa-218.jpg 768w, https:\/\/archiwum.swietodrzewa.pl\/wp-content\/uploads\/2012\/01\/SD-2007-warszawa-218-225x300.jpg 225w\" sizes=\"(max-width: 768px) 100vw, 768px\" \/><\/p>\n<p>\u015awi\u0119to Drzewa to bogata oferta edukacyjna, od pogadanek, happening\u00f3w i konkurs\u00f3w artystycznych po badania terenowe. Od spotka\u0144 z naukowcami po le\u015bne koncerty. &nbsp;To tak\u017ce poradnictwo Klubu Gaja, kt\u00f3rego celem jest ochrona drzew na rzecz w\u0142a\u015bciwej piel\u0119gnacji i opieki, a je\u015bli to mo\u017cliwe \u2013 odst\u0105pienia od planowanej wycinki.&nbsp;Obok sadzenia drzew, poznawania przyczyn i skutk\u00f3w zmian klimatu, kolejn\u0105 ide\u0105<\/p>\n<p>\u015awi\u0119ta Drzewa jest wsp\u00f3\u0142praca na rzecz zr\u00f3wnowa\u017conego rozwoju oraz budowania kapita\u0142u ekologicznego i spo\u0142ecznego. Uczestnikami programu s\u0105 najm\u0142odsi, ich rodzice i dziadkowie, m\u0142odzie\u017c, samorz\u0105dy lokalne, plac\u00f3wki kultury, du\u017ce firmy i ma\u0142e sp\u00f3\u0142ki rodzinne, organizacje pozarz\u0105dowe i bran\u017cowe, wsp\u00f3lnoty religijne, jednostki specjalistyczne, a nawet zak\u0142ady karne. Organizatorom najwa\u017cniejszych, najliczniejszych i najciekawszych realizacji, zg\u0142oszonych do konkurs\u00f3w \u015awi\u0119ta Drzewa (Czarodziejskie Drzewo; Drzewo Roku) przyznawane s\u0105 nagrody \u2013 podzi\u0119kowanie za ogromn\u0105 prac\u0119 i wyj\u0105tkowe zaanga\u017cowanie.<\/p>\n<p>&nbsp;<\/p>\n<p>&nbsp;<\/p>\n<p>&nbsp;<\/p>\n<h2>&nbsp;<\/h2>\n","protected":false},"excerpt":{"rendered":"<p>\u015awi\u0119to Drzewa &#8211; 20 lat pomys\u0142\u00f3w, rozwoju i nauki Od 2003 roku, kiedy to zainaugurowali\u015bmy program&nbsp; \u015awi\u0119to Drzewa, dzi\u0119ki&nbsp; zaanga\u017cowaniu ponad 800 000 os\u00f3b posadzili\u015bmy ponad 1 000 000 drzew i krzew\u00f3w, zrobili\u015bmy blisko 1800 schronie\u0144\/budek l\u0119gowych dla zwierz\u0105t i zebrali\u015bmy ponad 5700 ton makulatury, odkryli\u015bmy ponad 180 niezwyk\u0142ych drzew wa\u017cnych dla spo\u0142eczno\u015bci lokalnych w [&hellip;]<\/p>\n","protected":false},"author":1,"featured_media":0,"parent":6,"menu_order":0,"comment_status":"closed","ping_status":"closed","template":"","meta":{"ngg_post_thumbnail":0},"_links":{"self":[{"href":"https:\/\/archiwum.swietodrzewa.pl\/index.php?rest_route=\/wp\/v2\/pages\/285"}],"collection":[{"href":"https:\/\/archiwum.swietodrzewa.pl\/index.php?rest_route=\/wp\/v2\/pages"}],"about":[{"href":"https:\/\/archiwum.swietodrzewa.pl\/index.php?rest_route=\/wp\/v2\/types\/page"}],"author":[{"embeddable":true,"href":"https:\/\/archiwum.swietodrzewa.pl\/index.php?rest_route=\/wp\/v2\/users\/1"}],"replies":[{"embeddable":true,"href":"https:\/\/archiwum.swietodrzewa.pl\/index.php?rest_route=%2Fwp%2Fv2%2Fcomments&post=285"}],"version-history":[{"count":32,"href":"https:\/\/archiwum.swietodrzewa.pl\/index.php?rest_route=\/wp\/v2\/pages\/285\/revisions"}],"predecessor-version":[{"id":15061,"href":"https:\/\/archiwum.swietodrzewa.pl\/index.php?rest_route=\/wp\/v2\/pages\/285\/revisions\/15061"}],"up":[{"embeddable":true,"href":"https:\/\/archiwum.swietodrzewa.pl\/index.php?rest_route=\/wp\/v2\/pages\/6"}],"wp:attachment":[{"href":"https:\/\/archiwum.swietodrzewa.pl\/index.php?rest_route=%2Fwp%2Fv2%2Fmedia&parent=285"}],"curies":[{"name":"wp","href":"https:\/\/api.w.org\/{rel}","templated":true}]}}