{"id":385,"date":"2011-12-27T14:47:01","date_gmt":"2011-12-27T13:47:01","guid":{"rendered":"http:\/\/swietodrzewa.pl\/?page_id=385"},"modified":"2019-09-03T13:26:38","modified_gmt":"2019-09-03T11:26:38","slug":"obchody-swieta-drzewa","status":"publish","type":"page","link":"https:\/\/archiwum.swietodrzewa.pl\/?page_id=385","title":{"rendered":"Obchody \u015awi\u0119ta Drzewa"},"content":{"rendered":"<h1>Wszystko zaczyna si\u0119 10 pa\u017adziernika<\/h1>\n<p>W ca\u0142ej Polsce \u015awi\u0119to Drzewa obchodzone jest 10 pa\u017adziernika. Coroczna inauguracja \u015bwi\u0119ta organizowana przez Klub Gaja ma uroczysty charakter. Wraz z autorami i uczestnikami najlepszych realizacji programu w danym roku \u2013 uhonorowanych statuetk\u0105 Czarodziejskiego Drzewa i Pegaza (doceniamy tych, kt\u00f3rzy proponuj\u0105 tw\u00f3rcze, szerokie i innowacyjne dzia\u0142ania oraz tych, kt\u00f3rzy oszcz\u0119dzaj\u0105 drzewa i zbieraj\u0105 makulatur\u0119 na rzecz ratowania koni) spotykamy si\u0119 w stolicy Polski, Warszawie. Spotkanie u\u015bwietniaj\u0105 znane postaci \u015bwiata kultury, nauki i medi\u00f3w oraz reprezentanci w\u0142adz Miasta Sto\u0142ecznego Warszawy, kt\u00f3re jest g\u0142\u00f3wnym partnerem w organizacji uroczysto\u015bci. Corocznie lokalna inauguracja \u015awi\u0119ta Drzewa w wojew\u00f3dztwie \u015bl\u0105skim odbywa si\u0119 tak\u017ce w Katowicach.<\/p>\n<p><a href=\"http:\/\/swietodrzewa.pl\/wp-content\/uploads\/2014\/10\/LAS-NA-KOLE-sadzenie-135.jpg\" target=\"_blank\" rel=\"noopener\"><img loading=\"lazy\" class=\"alignleft wp-image-4995 size-medium\" title=\"LAS NA KOLE - \u015awi\u0119to Drzewa 2014\" src=\"http:\/\/swietodrzewa.pl\/wp-content\/uploads\/2014\/10\/LAS-NA-KOLE-sadzenie-135-300x199.jpg\" alt=\"LAS NA KOLE \" width=\"300\" height=\"199\" srcset=\"https:\/\/archiwum.swietodrzewa.pl\/wp-content\/uploads\/2014\/10\/LAS-NA-KOLE-sadzenie-135-300x199.jpg 300w, https:\/\/archiwum.swietodrzewa.pl\/wp-content\/uploads\/2014\/10\/LAS-NA-KOLE-sadzenie-135.jpg 1024w\" sizes=\"(max-width: 300px) 100vw, 300px\" \/><\/a><\/p>\n<p align=\"justify\">W symboliczny spos\u00f3b Klub Gaja co roku inauguruje program r\u00f3wnie\u017c w Beskidach (siedziba Klubu Gaja znajduje si\u0119 w Beskidzie Ma\u0142ym). Tutaj, przy wsp\u00f3\u0142pracy partner\u00f3w programu \u2013 drzewa sadzone s\u0105 w\u015br\u00f3d g\u00f3rskich las\u00f3w, poddanych tzw. przebudowie. Dominuj\u0105ce dotychczas \u015bwierki, kt\u00f3re usychaj\u0105 m.in. z powodu zmian klimatu, zast\u0119puje si\u0119 g\u0142\u00f3wnie drzewami li\u015bciastymi.<\/p>\n<p><strong>Zapraszamy do organizowania lokalnych obchod\u00f3w \u015awi\u0119ta Drzewa.<\/strong><\/p>\n","protected":false},"excerpt":{"rendered":"<p>Wszystko zaczyna si\u0119 10 pa\u017adziernika W ca\u0142ej Polsce \u015awi\u0119to Drzewa obchodzone jest 10 pa\u017adziernika. Coroczna inauguracja \u015bwi\u0119ta organizowana przez Klub Gaja ma uroczysty charakter. Wraz z autorami i uczestnikami najlepszych realizacji programu w danym roku \u2013 uhonorowanych statuetk\u0105 Czarodziejskiego Drzewa i Pegaza (doceniamy tych, kt\u00f3rzy proponuj\u0105 tw\u00f3rcze, szerokie i innowacyjne dzia\u0142ania oraz tych, kt\u00f3rzy oszcz\u0119dzaj\u0105 [&hellip;]<\/p>\n","protected":false},"author":1,"featured_media":0,"parent":8,"menu_order":1,"comment_status":"closed","ping_status":"closed","template":"","meta":{"ngg_post_thumbnail":0},"_links":{"self":[{"href":"https:\/\/archiwum.swietodrzewa.pl\/index.php?rest_route=\/wp\/v2\/pages\/385"}],"collection":[{"href":"https:\/\/archiwum.swietodrzewa.pl\/index.php?rest_route=\/wp\/v2\/pages"}],"about":[{"href":"https:\/\/archiwum.swietodrzewa.pl\/index.php?rest_route=\/wp\/v2\/types\/page"}],"author":[{"embeddable":true,"href":"https:\/\/archiwum.swietodrzewa.pl\/index.php?rest_route=\/wp\/v2\/users\/1"}],"replies":[{"embeddable":true,"href":"https:\/\/archiwum.swietodrzewa.pl\/index.php?rest_route=%2Fwp%2Fv2%2Fcomments&post=385"}],"version-history":[{"count":16,"href":"https:\/\/archiwum.swietodrzewa.pl\/index.php?rest_route=\/wp\/v2\/pages\/385\/revisions"}],"predecessor-version":[{"id":11552,"href":"https:\/\/archiwum.swietodrzewa.pl\/index.php?rest_route=\/wp\/v2\/pages\/385\/revisions\/11552"}],"up":[{"embeddable":true,"href":"https:\/\/archiwum.swietodrzewa.pl\/index.php?rest_route=\/wp\/v2\/pages\/8"}],"wp:attachment":[{"href":"https:\/\/archiwum.swietodrzewa.pl\/index.php?rest_route=%2Fwp%2Fv2%2Fmedia&parent=385"}],"curies":[{"name":"wp","href":"https:\/\/api.w.org\/{rel}","templated":true}]}}

Obchody Święta Drzewa

<h1>Wszystko zaczyna się 10 października</h1>
<p>W całej Polsce Święto Drzewa obchodzone jest 10 października. Coroczna inauguracja święta organizowana przez Klub Gaja ma uroczysty charakter. Wraz z autorami i uczestnikami najlepszych realizacji programu w danym roku – uhonorowanych statuetką Czarodziejskiego Drzewa i Pegaza (doceniamy tych, którzy proponują twórcze, szerokie i innowacyjne działania oraz tych, którzy oszczędzają drzewa i zbierają makulaturę na rzecz ratowania koni) spotykamy się w stolicy Polski, Warszawie. Spotkanie uświetniają znane postaci świata kultury, nauki i mediów oraz reprezentanci władz Miasta Stołecznego Warszawy, które jest głównym partnerem w organizacji uroczystości. Corocznie lokalna inauguracja Święta Drzewa w województwie śląskim odbywa się także w Katowicach.</p>
<p><a href="http://swietodrzewa.pl/wp-content/uploads/2014/10/LAS-NA-KOLE-sadzenie-135.jpg" target="_blank" rel="noopener"><img loading="lazy" class="alignleft wp-image-4995 size-medium" title="LAS NA KOLE - Święto Drzewa 2014" src="http://swietodrzewa.pl/wp-content/uploads/2014/10/LAS-NA-KOLE-sadzenie-135-300x199.jpg" alt="LAS NA KOLE " width="300" height="199" srcset="https://archiwum.swietodrzewa.pl/wp-content/uploads/2014/10/LAS-NA-KOLE-sadzenie-135-300x199.jpg 300w, https://archiwum.swietodrzewa.pl/wp-content/uploads/2014/10/LAS-NA-KOLE-sadzenie-135.jpg 1024w" sizes="(max-width: 300px) 100vw, 300px" /></a></p>
<p align="justify">W symboliczny sposób Klub Gaja co roku inauguruje program również w Beskidach (siedziba Klubu Gaja znajduje się w Beskidzie Małym). Tutaj, przy współpracy partnerów programu – drzewa sadzone są wśród górskich lasów, poddanych tzw. przebudowie. Dominujące dotychczas świerki, które usychają m.in. z powodu zmian klimatu, zastępuje się głównie drzewami liściastymi.</p>
<p><strong>Zapraszamy do organizowania lokalnych obchodów Święta Drzewa.</strong></p>

<p>Wszystko zaczyna się 10 października W całej Polsce Święto Drzewa obchodzone jest 10 października. Coroczna inauguracja święta organizowana przez Klub Gaja ma uroczysty charakter. Wraz z autorami i uczestnikami najlepszych realizacji programu w danym roku – uhonorowanych statuetką Czarodziejskiego Drzewa i Pegaza (doceniamy tych, którzy proponują twórcze, szerokie i innowacyjne działania oraz tych, którzy oszczędzają [&hellip;]</p>
