{"id":387,"date":"2011-12-27T14:48:24","date_gmt":"2011-12-27T13:48:24","guid":{"rendered":"http:\/\/swietodrzewa.pl\/?page_id=387"},"modified":"2012-01-07T19:43:31","modified_gmt":"2012-01-07T18:43:31","slug":"sadzenie-drzew-zakladanie-ogrodow","status":"publish","type":"page","link":"https:\/\/archiwum.swietodrzewa.pl\/?page_id=387","title":{"rendered":"Sadzenie drzew \/ Zak\u0142adanie ogrod\u00f3w"},"content":{"rendered":"<p><a href=\"http:\/\/swietodrzewa.pl\/wp-content\/uploads\/2012\/01\/sadzenie-lasu-Jaworze-055.jpg\"><img loading=\"lazy\" class=\"alignleft size-medium wp-image-906\" title=\"sadzenie lasu Jaworze 055\" src=\"http:\/\/swietodrzewa.pl\/wp-content\/uploads\/2012\/01\/sadzenie-lasu-Jaworze-055-199x300.jpg\" alt=\"\" width=\"199\" height=\"300\" srcset=\"https:\/\/archiwum.swietodrzewa.pl\/wp-content\/uploads\/2012\/01\/sadzenie-lasu-Jaworze-055-199x300.jpg 199w, https:\/\/archiwum.swietodrzewa.pl\/wp-content\/uploads\/2012\/01\/sadzenie-lasu-Jaworze-055.jpg 298w\" sizes=\"(max-width: 199px) 100vw, 199px\" \/><\/a>Program \u015awi\u0119to Drzewa przynosi korzy\u015bci dla \u015brodowiska przyrodniczego cz\u0142owieka, estetyki otoczenia i krzewienia wiedzy humanistycznej. Sadzenie drzew w le\u015bnych m\u0142odnikach to pretekst by zorganizowa\u0107 wycieczk\u0119 do lasu, kt\u00f3ra z kolei, tworzy okazj\u0119 do wyciszenia si\u0119, refleksji i odpoczynku. Drzewa sadzone w ramach \u015awi\u0119ta Drzewa cz\u0119sto trafiaj\u0105 do przyszkolnych i przedszkolnych ogrod\u00f3w. Mog\u0105 one sta\u0107 si\u0119 siedliskiem dla ro\u015blin i zwierz\u0105t, ale tak\u017ce miejscem wytchnienia dla zabieganego wsp\u00f3\u0142czesnego cz\u0142owieka.<\/p>\n<p>Upi\u0119kszanie szkolnych ogrod\u00f3w, sadzenie w nich drzew i krzew\u00f3w ozdobnych pozwala na dostrzeganie najprostszego pi\u0119kna wok\u00f3\u0142 siebie, a tak\u017ce na podnoszenie w\u0142asnej warto\u015bci uczestnik\u00f3w programu. Swoim dzia\u0142aniem wzbogacaj\u0105 najbli\u017csze otoczenie i robi\u0105 to nie tylko dla siebie, ale i dla przysz\u0142ych pokole\u0144. Natomiast dobrze przedstawione zagadnienie \u015bwiatowego pokoju, poparte sadzeniem drzew na cze\u015b\u0107 wolno\u015bci i r\u00f3wno\u015bci wszystkich ludzi, mo\u017ce by\u0107 warto\u015bciowym i ciekawym elementem edukacji m\u0142odych ludzi.<\/p>\n","protected":false},"excerpt":{"rendered":"<p>Program \u015awi\u0119to Drzewa przynosi korzy\u015bci dla \u015brodowiska przyrodniczego cz\u0142owieka, estetyki otoczenia i krzewienia wiedzy humanistycznej. Sadzenie drzew w le\u015bnych m\u0142odnikach to pretekst by zorganizowa\u0107 wycieczk\u0119 do lasu, kt\u00f3ra z kolei, tworzy okazj\u0119 do wyciszenia si\u0119, refleksji i odpoczynku. Drzewa sadzone w ramach \u015awi\u0119ta Drzewa cz\u0119sto trafiaj\u0105 do przyszkolnych i przedszkolnych ogrod\u00f3w. Mog\u0105 one sta\u0107 si\u0119 [&hellip;]<\/p>\n","protected":false},"author":1,"featured_media":0,"parent":8,"menu_order":3,"comment_status":"closed","ping_status":"closed","template":"","meta":{"ngg_post_thumbnail":0},"_links":{"self":[{"href":"https:\/\/archiwum.swietodrzewa.pl\/index.php?rest_route=\/wp\/v2\/pages\/387"}],"collection":[{"href":"https:\/\/archiwum.swietodrzewa.pl\/index.php?rest_route=\/wp\/v2\/pages"}],"about":[{"href":"https:\/\/archiwum.swietodrzewa.pl\/index.php?rest_route=\/wp\/v2\/types\/page"}],"author":[{"embeddable":true,"href":"https:\/\/archiwum.swietodrzewa.pl\/index.php?rest_route=\/wp\/v2\/users\/1"}],"replies":[{"embeddable":true,"href":"https:\/\/archiwum.swietodrzewa.pl\/index.php?rest_route=%2Fwp%2Fv2%2Fcomments&post=387"}],"version-history":[{"count":3,"href":"https:\/\/archiwum.swietodrzewa.pl\/index.php?rest_route=\/wp\/v2\/pages\/387\/revisions"}],"predecessor-version":[{"id":957,"href":"https:\/\/archiwum.swietodrzewa.pl\/index.php?rest_route=\/wp\/v2\/pages\/387\/revisions\/957"}],"up":[{"embeddable":true,"href":"https:\/\/archiwum.swietodrzewa.pl\/index.php?rest_route=\/wp\/v2\/pages\/8"}],"wp:attachment":[{"href":"https:\/\/archiwum.swietodrzewa.pl\/index.php?rest_route=%2Fwp%2Fv2%2Fmedia&parent=387"}],"curies":[{"name":"wp","href":"https:\/\/api.w.org\/{rel}","templated":true}]}}