{"id":391,"date":"2011-12-27T14:51:01","date_gmt":"2011-12-27T13:51:01","guid":{"rendered":"http:\/\/swietodrzewa.pl\/?page_id=391"},"modified":"2014-04-10T13:00:11","modified_gmt":"2014-04-10T11:00:11","slug":"przedstawienia-happeningi","status":"publish","type":"page","link":"https:\/\/archiwum.swietodrzewa.pl\/?page_id=391","title":{"rendered":"Przedstawienia \/ Happeningi"},"content":{"rendered":"<p><a href=\"http:\/\/swietodrzewa.pl\/wp-content\/uploads\/2012\/01\/happening-%C5%BBywe-dzrewko-w-Zespole-Szk%C3%B3%C5%82-w-Rakowicach-Wielkich.jpg\"><img loading=\"lazy\" class=\"alignleft size-medium wp-image-883\" title=\"happening \u017bywe dzrewko w Zespole Szk\u00f3\u0142 w Rakowicach Wielkich\" src=\"http:\/\/swietodrzewa.pl\/wp-content\/uploads\/2012\/01\/happening-%C5%BBywe-dzrewko-w-Zespole-Szk%C3%B3%C5%82-w-Rakowicach-Wielkich-300x200.jpg\" alt=\"\" width=\"300\" height=\"200\" \/><\/a>\u015awi\u0119to Drzewa inspiruje wielu uczestnik\u00f3w do r\u00f3\u017cnorodnych dzia\u0142a\u0144 artystycznych. Stwarza mo\u017cliwo\u015bci przekazywania wiadomo\u015bci o rzeczach wa\u017cnych, w spos\u00f3b tw\u00f3rczy i radosny. Pracuj\u0105c w grupie nad przedstawieniem czy happeningiem uczymy si\u0119 wsp\u00f3\u0142pracy, poszukujemy nowych rozwi\u0105za\u0144, si\u0119gamy g\u0142\u0119biej w siebie i odkrywamy nowe mo\u017cliwo\u015bci. Przedstawienia i happeningi oraz wszelkie inne formy parateatralne ubogacaj\u0105 \u015awi\u0119to Drzewa i przenosz\u0105 go w krain\u0119 sztuki.<\/p>\n<p>Teatr daje ogromne mo\u017cliwo\u015bci ekspresji i wyra\u017cania siebie. Prezentuj\u0105c widzom przedstawienie, spektakl czy happening wchodzimy z nim w dialog gestu, s\u0142owa, barwy i przestrzeni. Zazwyczaj przygotowywane przez uczestnik\u00f3w \u015awi\u0119ta Drzewa inscenizacje maj\u0105 bogat\u0105 opraw\u0119 plastyczna i muzyczn\u0105. Je\u015bli rzecz dzieje si\u0119 poza murami plac\u00f3wki \u2013 w otwartej przestrzeni publicznej \u2013 stwarza okazj\u0119 do propagowania programu, jego idei i dzia\u0142a\u0144, do odnajdywania nowych partner\u00f3w i nowych odbiorc\u00f3w. Dobrze przygotowane happeningi i przedstawienia pozwalaj\u0105 tak\u017ce na poszerzenie znacze\u0144 takich jak drzewo, cz\u0142owiek, Ziemia i wiele innych \u2013 odkrywania ich metafor, po\u0142\u0105cze\u0144, tre\u015bci duchowych i estetycznych.<\/p>\n","protected":false},"excerpt":{"rendered":"<p>\u015awi\u0119to Drzewa inspiruje wielu uczestnik\u00f3w do r\u00f3\u017cnorodnych dzia\u0142a\u0144 artystycznych. Stwarza mo\u017cliwo\u015bci przekazywania wiadomo\u015bci o rzeczach wa\u017cnych, w spos\u00f3b tw\u00f3rczy i radosny. Pracuj\u0105c w grupie nad przedstawieniem czy happeningiem uczymy si\u0119 wsp\u00f3\u0142pracy, poszukujemy nowych rozwi\u0105za\u0144, si\u0119gamy g\u0142\u0119biej w siebie i odkrywamy nowe mo\u017cliwo\u015bci. Przedstawienia i happeningi oraz wszelkie inne formy parateatralne ubogacaj\u0105 \u015awi\u0119to Drzewa i przenosz\u0105 [&hellip;]<\/p>\n","protected":false},"author":1,"featured_media":0,"parent":8,"menu_order":7,"comment_status":"closed","ping_status":"closed","template":"","meta":{"ngg_post_thumbnail":0},"_links":{"self":[{"href":"https:\/\/archiwum.swietodrzewa.pl\/index.php?rest_route=\/wp\/v2\/pages\/391"}],"collection":[{"href":"https:\/\/archiwum.swietodrzewa.pl\/index.php?rest_route=\/wp\/v2\/pages"}],"about":[{"href":"https:\/\/archiwum.swietodrzewa.pl\/index.php?rest_route=\/wp\/v2\/types\/page"}],"author":[{"embeddable":true,"href":"https:\/\/archiwum.swietodrzewa.pl\/index.php?rest_route=\/wp\/v2\/users\/1"}],"replies":[{"embeddable":true,"href":"https:\/\/archiwum.swietodrzewa.pl\/index.php?rest_route=%2Fwp%2Fv2%2Fcomments&post=391"}],"version-history":[{"count":4,"href":"https:\/\/archiwum.swietodrzewa.pl\/index.php?rest_route=\/wp\/v2\/pages\/391\/revisions"}],"predecessor-version":[{"id":3502,"href":"https:\/\/archiwum.swietodrzewa.pl\/index.php?rest_route=\/wp\/v2\/pages\/391\/revisions\/3502"}],"up":[{"embeddable":true,"href":"https:\/\/archiwum.swietodrzewa.pl\/index.php?rest_route=\/wp\/v2\/pages\/8"}],"wp:attachment":[{"href":"https:\/\/archiwum.swietodrzewa.pl\/index.php?rest_route=%2Fwp%2Fv2%2Fmedia&parent=391"}],"curies":[{"name":"wp","href":"https:\/\/api.w.org\/{rel}","templated":true}]}}