{"id":6,"date":"2011-12-06T16:43:57","date_gmt":"2011-12-06T15:43:57","guid":{"rendered":"http:\/\/swietodrzewa.pl\/?page_id=6"},"modified":"2023-10-05T16:46:13","modified_gmt":"2023-10-05T14:46:13","slug":"swieto-drzewa","status":"publish","type":"page","link":"https:\/\/archiwum.swietodrzewa.pl\/?page_id=6","title":{"rendered":"\u015awi\u0119to Drzewa"},"content":{"rendered":"<p><a href=\"http:\/\/swietodrzewa.pl\/wp-content\/uploads\/2012\/01\/SD-2007-warszawa-218.jpg\"><img loading=\"lazy\" class=\"alignleft size-medium wp-image-859\" title=\"\u015awi\u0119to Drzewa w Warszawie\" src=\"http:\/\/swietodrzewa.pl\/wp-content\/uploads\/2012\/01\/SD-2007-warszawa-218-225x300.jpg\" alt=\"\" width=\"225\" height=\"300\" srcset=\"https:\/\/archiwum.swietodrzewa.pl\/wp-content\/uploads\/2012\/01\/SD-2007-warszawa-218-225x300.jpg 225w, https:\/\/archiwum.swietodrzewa.pl\/wp-content\/uploads\/2012\/01\/SD-2007-warszawa-218.jpg 768w\" sizes=\"(max-width: 225px) 100vw, 225px\" \/><\/a>\u015awi\u0119to Drzewa jest programem edukacji ekologicznej Klubu Gaja realizowanym od 2003 roku, kt\u00f3rego inauguracj\u0105 jest og\u00f3lnopolska akcja sadzenia drzew co roku 10 pa\u017adziernika. Od 2007 roku program bierze udzia\u0142 w Kampanii Miliarda Drzew dla Planety &#8211; og\u00f3lno\u015bwiatowej inicjatywie sadzenia drzew, aby sprosta\u0107 wyzwaniom jakie nios\u0105 zmiany klimatyczne, wspieranej przez ONZ.<\/p>\n<p>Celem programu jest edukacja dla rozwoju zr\u00f3wnowa\u017conego i podnoszenie \u015bwiadomo\u015bci ekologicznej spo\u0142ecze\u0144stwa w zakresie ochrony \u015brodowiska i zmian klimatu na Ziemi, poparta konkretnymi dzia\u0142aniami &#8211; sadzeniem i ochron\u0105 drzew. Wsp\u00f3lne sadzenie drzew w ramach programu, przyczynia si\u0119 do zwi\u0119kszenia zalesienia i zadrzewienia oraz do zmniejszenia skutk\u00f3w zmian klimatu.<\/p>\n<p>\u015awi\u0119to Drzewa od pocz\u0105tku istnienia integruje spo\u0142eczno\u015bci wok\u00f3\u0142 inicjatyw lokalnych jak sadzenie drzew,&nbsp; zak\u0142adanie ogrod\u00f3w, otaczanie opiek\u0105 starych drzew, organizowanie festyn\u00f3w, wycieczek, konkurs\u00f3w i zbi\u00f3rek makulatury. Ochrona i sadzenie drzew jest uniwersalnym przes\u0142aniem dla ka\u017cdego cz\u0142owieka.<\/p>\n<p>W programie mog\u0105 uczestniczy\u0107 plac\u00f3wki o\u015bwiatowe, samorz\u0105dy, instytucje, organizacje spo\u0142eczne, firmy i osoby indywidualne.<\/p>\n<p>W ramach \u015awi\u0119ta Drzewa organizowane s\u0105 m.in.: konkurs<strong><a href=\"http:\/\/swietodrzewa.pl\/?page_id=1673\"> Drzewo Roku<\/a><\/strong>, konkurs <strong><a href=\"http:\/\/swietodrzewa.pl\/?page_id=231\">Czarodziejskiego Drzewa<\/a><\/strong>, akcja <strong><a href=\"http:\/\/swietodrzewa.pl\/?page_id=206\">Zbieraj makulatur\u0119, ratuj konie<\/a> .<a href=\"http:\/\/swietodrzewa.pl\/?page_id=1326\"><br \/>\n<\/a><\/strong><\/p>\n<h2><strong>Od 2003 roku dzi\u0119ki&nbsp; zaanga\u017cowaniu ponad 800 000 os\u00f3b posadzili\u015bmy ponad 1 000 000 drzew i krzew\u00f3w, zrobili\u015bmy blisko 1800 schronie\u0144\/budek l\u0119gowych dla zwierz\u0105t i zebrali\u015bmy ponad 5700 ton makulatury, odkryli\u015bmy blisko 200 niezwyk\u0142ych drzew wa\u017cnych dla spo\u0142eczno\u015bci lokalnych w konkursie Drzewo Roku.<br \/>\n<\/strong><\/h2>\n<p>Program \u015awi\u0119to Drzewa rekomendowany by\u0142 przez Ministerstwo \u015arodowiska jako dobra praktyka edukacji dla rozwoju zr\u00f3wnowa\u017conego na konferencji klimatycznej COP14 i COP19 oraz przez Instytut Spraw Obywatelskich w \u201eInspiratorze obywatelskim\u201d jako przyk\u0142ad dobrych praktyk w dziedzinie nieformalnej edukacji obywatelskiej.<\/p>\n<h1>Mieszkamy w tym samym domu<\/h1>\n<p><a href=\"http:\/\/swietodrzewa.pl\/wp-content\/uploads\/2012\/01\/sadzenie-drzew-na-Islandii.jpg\"><img loading=\"lazy\" class=\"alignright size-medium wp-image-881\" title=\"\u015awi\u0119to Drzewa w Grinadviku na Islandii\" src=\"http:\/\/swietodrzewa.pl\/wp-content\/uploads\/2012\/01\/sadzenie-drzew-na-Islandii-300x200.jpg\" alt=\"\" width=\"300\" height=\"200\" srcset=\"https:\/\/archiwum.swietodrzewa.pl\/wp-content\/uploads\/2012\/01\/sadzenie-drzew-na-Islandii-300x200.jpg 300w, https:\/\/archiwum.swietodrzewa.pl\/wp-content\/uploads\/2012\/01\/sadzenie-drzew-na-Islandii.jpg 1024w\" sizes=\"(max-width: 300px) 100vw, 300px\" \/><\/a>Przy\u0142\u0105czenie si\u0119 do programu \u015awi\u0119to Drzewa umo\u017cliwia bezpo\u015brednie i konkretne dzia\u0142anie na rzecz \u015brodowiska i ochrony klimatu. Sadzenie drzew jest jednym z najbardziej op\u0142acalnych, skutecznych i prostych sposob\u00f3w przeciwdzia\u0142ania zmianom klimatycznym. Drzewa i lasy to niezb\u0119dne narz\u0119dzia regulacji klimatu. Poch\u0142aniaj\u0105 dwutlenek w\u0119gla, spowalniaj\u0105 sp\u0142yw w\u00f3d powierzchniowych. Aby zmniejszy\u0107, a nast\u0119pnie zatrzyma\u0107 zmiany klimatu, jedn\u0105 z najwa\u017cniejszych spraw jest wsp\u00f3lne dzia\u0142anie w tym kierunku. Ziemia jest naszym wsp\u00f3lnym domem, o kt\u00f3ry mo\u017cemy zadba\u0107 tylko my sami, nikt inny za nas tego nie zrobi.<\/p>\n<p style=\"text-align: justify;\">Dlatego propozycj\u0105 Klubu Gaja jest sadzenie drzew, maj\u0105ce sw\u00f3j wymiar \u015brodowiskowy i edukacyjny. Wprowadzanie zmian spo\u0142ecznych \u2013 niezb\u0119dnych do uzyskania stanu zr\u00f3wnowa\u017conej produkcji i konsumpcji \u2013 jest niemo\u017cliwe bez \u015bwiat\u0142ych obywateli. Dotychczas zaproszenie do udzia\u0142u w programie \u015awi\u0119to Drzewa przyj\u0119\u0142y: spo\u0142eczno\u015bci lokalne, ich reprezentanci i w\u0142adze samorz\u0105dowe; a tak\u017ce parlamentarzy\u015bci i europarlamentarzy\u015bci, urz\u0119dnicy miejscy, powiatowi, stowarzyszenia, firmy produkcyjne i us\u0142ugowe, \u017c\u0142obki, przedszkola, szko\u0142y podstawowe, gimnazja i szko\u0142y ponadgimnazjalne, nadle\u015bnictwa, rady rodzic\u00f3w, specjalistyczne plac\u00f3wki kontroli zwi\u0105zane z ochron\u0105 \u015brodowiska; kuratoria o\u015bwiaty, policja, stra\u017cacy, Zwi\u0105zek Harcerstwa Polskiego, Polski Czerwony Krzy\u017c, parafie (rzymsko-katolickie, prawos\u0142awne i ewangelickie); ko\u0142a gospody\u0144, k\u00f3\u0142ka rolnicze, domy kultury, media.<\/p>\n<p style=\"text-align: justify;\">Wsp\u00f3\u0142praca w ramach \u015awi\u0119ta Drzewa pomi\u0119dzy podmiotami z r\u00f3\u017cnych sektor\u00f3w buduje nie tylko dobre relacje, ale tak\u017ce kapita\u0142 zaufania spo\u0142ecznego, kt\u00f3ry jest tak potrzebny w porozumieniu dla zr\u00f3wnowa\u017conego rozwoju. Program \u015awi\u0119to Drzewa przynosi wymierne korzy\u015bci dla \u015brodowiska przyrodniczego i lokalnych spo\u0142eczno\u015bci.<\/p>\n<p style=\"text-align: justify;\">Zapraszamy do wsp\u00f3lnej pracy dla ludzi, przyrody i zwierz\u0105t.<br \/>\nDla Ziemi \u2013 naszego wsp\u00f3lnego domu!<\/p>\n<h1>Jak si\u0119 w\u0142\u0105czy\u0107?<\/h1>\n<p style=\"text-align: justify;\">\u015awi\u0119to Drzewa to nie tylko akcja sadzenia drzew 10 pa\u017adziernika. To wiele r\u00f3\u017cnorodnych dzia\u0142a\u0144, przygotowanych i prowadzonych przez wiele dni, a nawet miesi\u0119cy (zbi\u00f3rka makulatury).<\/p>\n<p style=\"text-align: justify;\">Uczestnikom programu proponujemy r\u00f3\u017cnorodne <strong><a href=\"http:\/\/swietodrzewa.pl\/?page_id=8\" target=\"_blank\" rel=\"noopener\">dzia\u0142ania<\/a><\/strong>: sadzenie drzew przy wsp\u00f3\u0142pracy z nadle\u015bnictwami, zak\u0142adanie czy upi\u0119kszanie ziele\u0144c\u00f3w, skwer\u00f3w, park\u00f3w, ogrod\u00f3w przyszkolnych, sadzenie drzew w intencji pokoju, odszukiwanie starych drzew i drzew \u015bwiadk\u00f3w historii, oznaczanie drzew pomnikowych, szukanie drzew niezwyk\u0142ych (<strong><a href=\"http:\/\/swietodrzewa.pl\/?page_id=1673\" target=\"_blank\" rel=\"noopener\">Drzewo Roku<\/a><\/strong>), zbieranie nasion, w\u0142\u0105czenie si\u0119 w akcj\u0119 <a href=\"http:\/\/swietodrzewa.pl\/?page_id=206\" target=\"_blank\" rel=\"noopener\"><strong>Zbieraj makulatur\u0119, ratuj konie<\/strong><\/a>, udzia\u0142 w <strong><a href=\"http:\/\/swietodrzewa.pl\/?page_id=72\" target=\"_blank\" rel=\"noopener\">konkursach<\/a><\/strong>, przeprowadzenie warsztat\u00f3w, lekcji tematycznych i zaj\u0119\u0107 w terenie, przedstawie\u0144 i happening\u00f3w, zorganizowanie konkurs\u00f3w artystycznych (literackich, fotograficznych, plastycznych, muzycznych), krajoznawczych, przyrodniczych, historycznych i z wielu innych dziedzin, kt\u00f3re w jakikolwiek spos\u00f3b odnosz\u0105 si\u0119 do drzew.<\/p>\n<p style=\"text-align: justify;\">Zach\u0119camy do wycieczek, spacer\u00f3w po lesie i terenach zielonych, a tak\u017ce do rozm\u00f3w, dyskusji ze specjalistami na temat roli drzew w \u017cyciu ludzi, zwierz\u0105t i naszej planety.<\/p>\n<p>&nbsp;<\/p>\n","protected":false},"excerpt":{"rendered":"<p>\u015awi\u0119to Drzewa jest programem edukacji ekologicznej Klubu Gaja realizowanym od 2003 roku, kt\u00f3rego inauguracj\u0105 jest og\u00f3lnopolska akcja sadzenia drzew co roku 10 pa\u017adziernika. Od 2007 roku program bierze udzia\u0142 w Kampanii Miliarda Drzew dla Planety &#8211; og\u00f3lno\u015bwiatowej inicjatywie sadzenia drzew, aby sprosta\u0107 wyzwaniom jakie nios\u0105 zmiany klimatyczne, wspieranej przez ONZ. Celem programu jest edukacja dla [&hellip;]<\/p>\n","protected":false},"author":1,"featured_media":0,"parent":0,"menu_order":0,"comment_status":"closed","ping_status":"closed","template":"","meta":{"ngg_post_thumbnail":0},"_links":{"self":[{"href":"https:\/\/archiwum.swietodrzewa.pl\/index.php?rest_route=\/wp\/v2\/pages\/6"}],"collection":[{"href":"https:\/\/archiwum.swietodrzewa.pl\/index.php?rest_route=\/wp\/v2\/pages"}],"about":[{"href":"https:\/\/archiwum.swietodrzewa.pl\/index.php?rest_route=\/wp\/v2\/types\/page"}],"author":[{"embeddable":true,"href":"https:\/\/archiwum.swietodrzewa.pl\/index.php?rest_route=\/wp\/v2\/users\/1"}],"replies":[{"embeddable":true,"href":"https:\/\/archiwum.swietodrzewa.pl\/index.php?rest_route=%2Fwp%2Fv2%2Fcomments&post=6"}],"version-history":[{"count":81,"href":"https:\/\/archiwum.swietodrzewa.pl\/index.php?rest_route=\/wp\/v2\/pages\/6\/revisions"}],"predecessor-version":[{"id":15199,"href":"https:\/\/archiwum.swietodrzewa.pl\/index.php?rest_route=\/wp\/v2\/pages\/6\/revisions\/15199"}],"wp:attachment":[{"href":"https:\/\/archiwum.swietodrzewa.pl\/index.php?rest_route=%2Fwp%2Fv2%2Fmedia&parent=6"}],"curies":[{"name":"wp","href":"https:\/\/api.w.org\/{rel}","templated":true}]}}