{"id":72,"date":"2011-12-11T21:08:57","date_gmt":"2011-12-11T20:08:57","guid":{"rendered":"http:\/\/swietodrzewa.pl\/?page_id=72"},"modified":"2021-09-19T09:38:47","modified_gmt":"2021-09-19T07:38:47","slug":"konkursy","status":"publish","type":"page","link":"https:\/\/archiwum.swietodrzewa.pl\/?page_id=72","title":{"rendered":"Konkursy"},"content":{"rendered":"<h1>Czarodziejskie Drzewo<\/h1>\n<p>To konkurs dla wszystkich uczestnik\u00f3w \u015awi\u0119ta Drzewa. Nagradzamy tych, kt\u00f3rzy posadz\u0105 najwi\u0119cej drzew, zaanga\u017cuj\u0105 r\u00f3\u017cnorodne \u015brodowiska spo\u0142eczne i tw\u00f3rczo, z pomys\u0142em przeprowadz\u0105 lokalne dzia\u0142ania w ramach \u015awi\u0119ta Drzewa. Wszyscy uczestnicy, kt\u00f3rzy prze\u015bl\u0105 do Klubu Gaja Kart\u0119 zg\u0142oszenia i sprawozdanie z podj\u0119tych dzia\u0142a\u0144 bior\u0105 udzia\u0142 w konkursie Czarodziejskie Drzewo. Uroczyste wr\u0119czenie tytu\u0142\u00f3w Czarodziejskiego Drzewa odbywa si\u0119 co roku w Warszawie, podczas kolejnej inauguracji programu.<\/p>\n<p><strong><a href=\"?page_id=231\" target=\"_blank\" rel=\"noopener\">Wi\u0119cej informacji<\/a><\/strong><\/p>\n<h1>Drzewo Roku<\/h1>\n<p>Z my\u015bl\u0105 o ludziach, kt\u00f3rzy kochaj\u0105 drzewa Klub Gaja przygotowa\u0142 konkurs Drzewo Roku. To propozycja, podobnie jak \u015awi\u0119to Drzewa, dla wszystkich \u2013 os\u00f3b indywidualnych, plac\u00f3wek edukacyjnych, urz\u0119d\u00f3w administracji pa\u0144stwowej i samorz\u0105dowej, instytucji, organizacji spo\u0142ecznych oraz regionalnych i lokalnych wsp\u00f3lnot mieszka\u0144c\u00f3w. Nie szukamy drzew najstarszych, najwy\u017cszych, najgrubszych, najpi\u0119kniejszych, ani najrzadszych. Szukamy drzewa najbardziej kochanego, drzewa z opowie\u015bci\u0105, drzewa, kt\u00f3re pobudza wyobra\u017ani\u0119 i jednoczy ludzi. Z 16 fina\u0142owych drzew internauci wybior\u0105 Drzewo Roku. Zapraszamy do g\u0142osowania!<\/p>\n<p><strong><a href=\"http:\/\/swietodrzewa.pl\/?page_id=1673\" target=\"_blank\" rel=\"noopener\">Wi\u0119cej informacji<\/a><\/strong><\/p>\n<p>&nbsp;<\/p>\n","protected":false},"excerpt":{"rendered":"<p>Czarodziejskie Drzewo To konkurs dla wszystkich uczestnik\u00f3w \u015awi\u0119ta Drzewa. Nagradzamy tych, kt\u00f3rzy posadz\u0105 najwi\u0119cej drzew, zaanga\u017cuj\u0105 r\u00f3\u017cnorodne \u015brodowiska spo\u0142eczne i tw\u00f3rczo, z pomys\u0142em przeprowadz\u0105 lokalne dzia\u0142ania w ramach \u015awi\u0119ta Drzewa. Wszyscy uczestnicy, kt\u00f3rzy prze\u015bl\u0105 do Klubu Gaja Kart\u0119 zg\u0142oszenia i sprawozdanie z podj\u0119tych dzia\u0142a\u0144 bior\u0105 udzia\u0142 w konkursie Czarodziejskie Drzewo. Uroczyste wr\u0119czenie tytu\u0142\u00f3w Czarodziejskiego Drzewa [&hellip;]<\/p>\n","protected":false},"author":1,"featured_media":0,"parent":0,"menu_order":7,"comment_status":"closed","ping_status":"closed","template":"","meta":{"ngg_post_thumbnail":0},"_links":{"self":[{"href":"https:\/\/archiwum.swietodrzewa.pl\/index.php?rest_route=\/wp\/v2\/pages\/72"}],"collection":[{"href":"https:\/\/archiwum.swietodrzewa.pl\/index.php?rest_route=\/wp\/v2\/pages"}],"about":[{"href":"https:\/\/archiwum.swietodrzewa.pl\/index.php?rest_route=\/wp\/v2\/types\/page"}],"author":[{"embeddable":true,"href":"https:\/\/archiwum.swietodrzewa.pl\/index.php?rest_route=\/wp\/v2\/users\/1"}],"replies":[{"embeddable":true,"href":"https:\/\/archiwum.swietodrzewa.pl\/index.php?rest_route=%2Fwp%2Fv2%2Fcomments&post=72"}],"version-history":[{"count":19,"href":"https:\/\/archiwum.swietodrzewa.pl\/index.php?rest_route=\/wp\/v2\/pages\/72\/revisions"}],"predecessor-version":[{"id":13363,"href":"https:\/\/archiwum.swietodrzewa.pl\/index.php?rest_route=\/wp\/v2\/pages\/72\/revisions\/13363"}],"wp:attachment":[{"href":"https:\/\/archiwum.swietodrzewa.pl\/index.php?rest_route=%2Fwp%2Fv2%2Fmedia&parent=72"}],"curies":[{"name":"wp","href":"https:\/\/api.w.org\/{rel}","templated":true}]}}